Suppose -6*r + 36 = -m*r. Let z(j) = 2*j + 4 - r - 1. What is z(5)?
4
Let t(k) = -4*k. Let n(i) = -i**2 + 9*i - 15. Let v be n(7). Give t(v).
4
Let l be (-1 - -1)*(-2)/(-4). Let c(a) = 0 + a**2 + 2 + 0*a**2. Calculate c(l).
2
Let m(s) = s**2 + 8*s + 5. Suppose 0 = 4*i + 2*i + 42. Calculate m(i).
-2
Suppose o - 16 = -9. Let d(u) = -u**2 - 5*u - 2. Let l(b) = -3*b**2 - 15*b - 6. Let v(j) = o*d(j) - 2*l(j). Calculate v(-5).
-2
Let p(t) = t**2 - 2*t - 1. Let j be (12/(-10))/(54/(-60))*3. Calculate p(j).
7
Let q(n) = -n**3 - n**2 + n - 1. Let s be 2/(-7) - (-24)/(-14). Calculate q(s).
1
Suppose 0 = -3*m + f - 4, 3*f + 18 = -2*m + m. Let v(c) be the first derivative of 4*c - 1/3*c**3 - 1/2*c**2 + 1. Determine v(m).
-2
Let z(b) = b - 1. Suppose 12 = m + 10. Give z(m).
1
Let y(p) = -1 + 5*p + 1 + 4 - 3*p. Give y(5).
14
Let d(s) = 4*s - 25 - 4*s**2 + 21 + 5*s**2. Let w be (-2)/(-8) + (-21)/4. Determine d(w).
1
Suppose q - 5*f + 22 = 0, 0*q - 3*f = -q - 16. Let s = -4 - q. Let p(i) = -2*i**2 + i**2 + 5*i - s + 5. What is p(5)?
2
Suppose q = -q - 6. Let p(z) = 4*z - 2*z + 1 + 5*z - 4*z. Give p(q).
-8
Let q(j) = -j**2 - 20*j - 20. Let l(f) = f**2 - 3. Let s be l(3). Let m(v) = 7*v + 7. Let r(k) = s*q(k) + 17*m(k). Let y be 5/((-5)/3) + 2. Calculate r(y).
-6
Let w = -125 - -123. Let q(y) = -y**3 - y**2 + 1. Calculate q(w).
5
Let z(f) = 12*f**2 + 1 - 2 - 11*f**2. Give z(2).
3
Let n(o) = 4*o**3 + 9*o**2 + 4*o - 4. Let q(t) = -t**3 - 3*t**2 - t + 1. Let s(l) = -2*n(l) - 7*q(l). Let g = 0 - -2. Calculate s(g).
3
Let x(f) be the third derivative of f**4/24 - 2*f**3/3 + f**2 - 12*f. What is x(-3)?
-7
Suppose -6 + 24 = 3*p. Let u(a) be the second derivative of -a**5/20 + a**4/2 + a**3/3 - 3*a**2 + 2*a. Give u(p).
6
Suppose 0*q - 3*q = 0. Let t(b) = -b - 3. What is t(q)?
-3
Let u = 5 + -3. Let d(n) = u - n - n + 3*n - 3. Calculate d(6).
5
Let o(r) = r**2 - 1. Let u(q) = -q**3 + 5*q**2 + 4. Let c be u(5). Let x(m) = 4*m + 1 + m - c*m. Let i be x(0). Calculate o(i).
0
Let r(y) = -y**2 - 10*y - 10. Suppose 35 = 6*q - 11*q. What is r(q)?
11
Let h = -19 + 30. Let p = h - 6. Let c be (-8)/10 - 1/p. Let x(d) = -8*d + 1. Calculate x(c).
9
Let u(q) = -q**2 - 4*q + 3. Let j = 5 - 8. What is u(j)?
6
Let b(m) be the second derivative of -m**3/6 - 6*m**2 - 9*m. Give b(-10).
-2
Let n(a) = -3*a**2 + 3*a - 3. Let i(l) = 4*l**2 - 3*l + 2. Let k(w) = -w - 13. Let h be k(-8). Let f(g) = h*n(g) - 4*i(g). Let m be (5/(-2))/1*2. What is f(m)?
-3
Let t be -3 + (-5)/(5/(-3)). Let v(q) be the third derivative of -q**4/24 - 4*q**3/3 + 4*q**2. Calculate v(t).
-8
Let g = -125 + 129. Let m(w) = -w**3 + 4*w**2 + 3*w + 4. Determine m(g).
16
Let h(t) be the third derivative of 0*t + 0 + 4*t**2 + 0*t**3 - 1/24*t**4. What is h(6)?
-6
Let h(i) = 2*i + 1. Let u = -121 + 120. What is h(u)?
-1
Let b be (2*10/(-4))/(5/(-2)). Let g(u) = 2 - 3*u + 0 - 1. What is g(b)?
-5
Let x(r) = -r**3 - 4*r**2 + 1. Let h(u) = u + 1. Let s(y) = 6*h(y) - x(y). Give s(-4).
-19
Let j(f) = -f**3 - 8*f**2 + 7*f + 3. Let u(t) = -t**3 - 8*t**2 + 6*t + 4. Let g(b) = -5*j(b) + 6*u(b). Give g(-8).
1
Suppose 4*j - 3*a = -7, -4*a - 28 = 3*j + j. Let d(p) = p**3 + 3*p**2 - 5*p - 6. Determine d(j).
-2
Let d(g) = -3*g - 32. Let z(f) = -f - 11. Let o(r) = -6*d(r) + 17*z(r). Let q be 8/2 + 0 + 2. Let b(p) = -p + 2. Let a be b(q). Give o(a).
1
Let h(u) be the first derivative of -5*u**2/2 - 2*u - 2. Let m(d) = 11*d + 4. Let x(a) = -13*h(a) - 6*m(a). Calculate x(5).
-3
Let k(t) be the first derivative of -t**3/3 - 3*t**2/2 - 2*t + 2. Suppose l + 5 = 2*c, -3*l + 2*c - 14 + 3 = 0. Determine k(l).
-2
Suppose -z = -4*z + 15. Let a(p) = 7*p + 3 - z - 5*p**2 + 6*p**2. What is a(-6)?
-8
Suppose -4*g - 13 = 4*k - 49, k - 4*g = -16. Let u(p) be the third derivative of p**5/60 - 5*p**4/24 + p**3/6 + 10*p**2 + 6. Give u(k).
-3
Suppose b + 0*b - 5*g = -30, -10 = -2*g. Let w(o) = -o**2 - 7*o + 1. Give w(b).
11
Suppose 0 = 6*v - 2*v + 12. Let l(f) = -3*f. Determine l(v).
9
Let q = 14 - 1. Suppose -q - 12 = -5*y. Let r(a) = -a**3 + 8*a + 4*a**2 + 4 + 0*a**3 - 4*a. Give r(y).
-1
Let d(j) be the first derivative of -j**2/2 + 9*j + 30. Determine d(10).
-1
Let s(a) be the first derivative of a**3/3 - a**2 - 6*a - 5. Calculate s(6).
18
Let l(d) = d**3 - 2*d + 1 + 0*d**3 + d**2 - 5*d**3. Suppose 4*z + z - 25 = -4*p, 0 = -3*p + 15. Give l(z).
-4
Let x(j) be the first derivative of j**3/3 - 7*j**2/2 - 7*j + 9. Give x(6).
-13
Suppose 2*w + 36 = 5*w. Let k be (-2)/(-4)*(2 + w). Let z(p) = p**3 - 7*p**2 + p. Calculate z(k).
7
Let v(s) = s**2 + 4*s - 9. Let z be v(-5). Let u(l) be the first derivative of l**3/3 + 2*l**2 + 2. What is u(z)?
0
Let l = 78 + -83. Let x(m) = m - 7. Determine x(l).
-12
Let m(j) be the first derivative of j**4/12 - j**3/3 - 5*j**2/2 + 3. Let c(i) be the second derivative of m(i). Let b be -4*(14/(-8) - -1). Determine c(b).
4
Let g(s) be the first derivative of -s**4/12 + s**3 - 3*s**2 - 9*s - 6. Let y(j) be the first derivative of g(j). What is y(5)?
-1
Suppose -s + 0 = -5, 5*s - 17 = 4*p. Let t(k) = 1 + p*k + 9*k - 17*k. What is t(-1)?
7
Let b(w) = -4*w + 2. Let m be (4/(-6))/((-4)/18). Let h(t) = -9*t + 5. Let d(p) = m*h(p) - 7*b(p). Let i be (1 - (1 + 0))/2. Give d(i).
1
Suppose 4*s + 0*s + 16 = 0. Let o(f) = 2*f**2 + 6*f + 2. Give o(s).
10
Let c(g) = 2*g**3 - 3*g**2 - g + 2. Let w be c(2). Suppose 5 = r, 59 = -w*i - 4*r - 17. Let l be 2/(-8) - 6/i. Let n(a) = a**2 + 3. What is n(l)?
3
Suppose f = -f. Let s(h) = 3*h**3 - 3*h**2 - 4*h + 11. Let c(g) = 2*g**3 - 2*g**2 - 3*g + 11. Let v(k) = -4*c(k) + 3*s(k). Calculate v(f).
-11
Let y(b) = -1 - b**2 + 11*b**3 + 10*b**3 + 2*b - 9*b**3 - 2*b**3. Let h = -1 + 6. Suppose -4*g = 2*p + 6, 0*g - h*p = -2*g + 27. Determine y(g).
10
Let o(i) = 9 + 5*i**2 - 2 + i**3 - 2 + i + 2. Determine o(-5).
2
Suppose m + 186 = 7*m. Let k = 28 - m. Let b(w) = w**3 + 2*w**2 - 2*w - 4. Give b(k).
-7
Let u(g) = -g**2 - 8*g + 7. Let v(s) = -s**2 - 9*s + 8. Let q(c) = -4*u(c) + 3*v(c). Let t = 4 + -9. What is q(t)?
-4
Let u be -5*(1 + (-2 - 0)). Let h(f) = 0*f**2 - f**2 + 2*f - f - 3*f + u. Calculate h(-4).
-3
Let j(q) = 18*q**2 + q. Let n = 53 + -52. Calculate j(n).
19
Let c = -1 - -4. Let l(g) = -5*g**2 - 10*g + 10. Let t(x) be the second derivative of -x**4/12 - x**3/6 + x**2/2 + 2*x. Let f(i) = l(i) - 6*t(i). What is f(c)?
1
Let a = -29 - -28. Let q(k) = k - 2. Let z be q(4). Let r(i) = 0*i**3 + 7*i**3 + 2*i + 4*i**3 + z*i**2 + 1. Calculate r(a).
-10
Let b(r) = -r**2 + 9*r - 7. Let f(d) = 2*d**2 - 10*d + 7. Let n(o) = -3*b(o) - 2*f(o). What is n(-7)?
7
Let i be -6 + (-3)/(-9)*3. Let h(z) = z**2 + 4*z - 2. Let n(q) = 2*q**2 + 8*q - 5. Let s(v) = 9*h(v) - 4*n(v). Give s(i).
7
Let n(u) be the third derivative of u**5/60 + 2*u**3/3 - 5*u**2. Determine n(0).
4
Let i(d) = -d**3 - 3*d**2 + 2. Let l be i(-3). Let s(o) be the first derivative of o**2/2 - 4. Determine s(l).
2
Let s(j) = 11*j + 1. Let o(d) = 31*d + 3. Let q(b) = -6*o(b) + 17*s(b). Give q(2).
1
Let t(y) be the second derivative of -1/30*y**5 + 0 - y**2 + y + 1/2*y**3 + 5/24*y**4. Let w(o) be the first derivative of t(o). Calculate w(4).
-9
Let y(i) be the third derivative of i**4/24 + i**3/2 - 3*i**2 + 9*i. Calculate y(-7).
-4
Let n(k) = -k - 5. Let r = 7 + -2. Calculate n(r).
-10
Suppose 0*q = 4*q - 24. Let j(f) = -2*f**2 + 7*f + 8. Let g(z) = -z**2 + 3*z + 4. Let a(l) = q*j(l) - 13*g(l). Give a(-3).
-4
Let b(v) be the third derivative of -v**6/360 - v**5/60 + v**4/12 - v**3/3 - 4*v**2. Let i(y) be the first derivative of b(y). Determine i(-3).
-1
Let a(p) = p**3 + 3*p**2 - p + 1. Let j(k) = -4*k + 3 + 2*k + k**3 + 0*k + 4*k**2 - 2. Let f(s) = 3*a(s) - 2*j(s). Determine f(-2).
-5
Let a(c) be the third derivative of 0*c - 1/60*c**5 - 5*c**2 + 0 - 1/3*c**3 + 1/6*c**4. Give a(5).
-7
Let r(f) = -f**2 + 3*f + 3. Suppose 2*x - 2 - 2 = 0. Let h(j) = 2*j**2 - 6*j - 6. Let l(z) = x*h(z) + 5*r(z). Calculate l(4).
-1
Let s(t) = 2*t + 5. Let o(x) = x**2 - 3*x - 4. Let l be o(3). What is s(l)?
-3
Let h(z) = -3*z**2 + 15*z + 2. Let r(g) be the first derivative of -2*g**3/3 + 4*g**2 + g - 7. Let p(x) = -3*h(x) + 5*r(x). Calculate p(-4).
3
Let g = 8 - 0. Suppose -y - 4 = -3*y - 2*i, -3*i = -4*y + g. Suppose y*a = 3*c + 13, 0*a - 4*a = 5*c - 15. Let d(w) = 2*w - 4. Ca